ist the prime factors of o(3).
3, 7, 11
Let q be -71*1 - 7/(28/(-8)). Let m be 6/(-8) - q/12. Suppose -5*y + 210 = -3*g, 3*y - m*y + 3*g = -75. What are the prime factors of y?
3, 5
Let u be (3 + (-78)/5)*-5. Let d = 73 - u. Suppose -d*f + 8*f = -218. What are the prime factors of f?
109
What are the prime factors of (12/(-15))/(6*(-14)/1291710)?
2, 6151
Suppose 37845 = 3*j - b - 23327, 0 = -3*b + 3. List the prime factors of j.
3, 7, 971
Suppose 4*z + 2 - 6 = 0, -28023 = -2*d + 5*z. What are the prime factors of d?
2, 7, 11, 13
Suppose -2*x = -i - 2*i - 675, -4*x + i = -1375. Let l = x + -242. List the prime factors of l.
103
Let r be ((-30)/(-45))/((-2)/(-165)). Let x be (-31)/5 + (10 + -3)/35. List the prime factors of r + ((-8)/x)/(4/(-6)).
53
Let p = 249 + -494. Let j = 469 + p. Suppose 0 = -3*d - 2*n + j, -n - 3*n - 236 = -3*d. What are the prime factors of d?
2, 19
What are the prime factors of (4 - 42/12)*(-5 - (-22925 + 6))?
3, 19, 67
Let y(o) = 6*o**3 - 6*o**2 + 5*o - 6. Let a be y(4). Suppose 174 = -4*n - a. Let f = n + 212. What are the prime factors of f?
3, 31
Let b(z) = -12165*z + 6661. What are the prime factors of b(-4)?
7, 1129
Suppose 3*j + 5 = 3*r + 26, 14 = 2*j - 4*r. Let u be -3 + (j - 3) + -2 + 5. What are the prime factors of (92/6)/(u*1/54)?
3, 23
Suppose 0*p + p + 4*k - 14 = 0, 3*k = -4*p + 17. Suppose -4*m - 10 = p. Let j(y) = -10*y**3 - y**2 + 3*y + 10. List the prime factors of j(m).
2, 131
Suppose 110*k - 104*k - 73*k + 1312664 = 0. List the prime factors of k.
2, 31, 79
Suppose 15 = 3*u, -l - 14 = -4*u + 7. Let d be l/(4/22)*2. Let h(n) = n**2 + 9*n + 9. List the prime factors of h(d).
31
Let o(l) = -10*l. Let d be o(2). Let w be (d/8)/(5/(-4)). Suppose -3*n = 3*u + 3 - 228, 3*n = -w*u + 222. What are the prime factors of n?
2, 3
List the prime factors of (-1 - 1) + (59685 - 210/15 - 10).
59659
Suppose -1180149 - 1962249 + 432851 = -67*k. List the prime factors of k.
37, 1093
Let s(v) = -28*v**2 + 18*v - 72. Let i be s(4). What are the prime factors of (-1371)/4*i/168?
2, 457
Let d be -3*(2 + 49) - 5. Let i = d - -1407. What are the prime factors of i?
1249
Suppose 2*x - 2653 = -t, -2*t + 5292 = -9*x + 6*x. Suppose 3*k - t = -7*m + 3*m, -m + k + 657 = 0. What are the prime factors of m?
2, 3, 5, 11
Suppose -5*t + 2072 = -t - 56. What are the prime factors of t?
2, 7, 19
Let a(y) = -13*y**2 + 1980*y + 225. List the prime factors of a(144).
3, 1753
Suppose -16 = -2*u - 2*t, -4*u + 3*u + 2*t - 4 = 0. Suppose -2*r + j + 905 = 0, u*r + 2*j + 548 = 2354. List the prime factors of r.
2, 113
Let t = -221 - -395. Let j = -5 + t. What are the prime factors of j?
13
Suppose 117*y - 41*y - 185869 - 88871 = 0. What are the prime factors of y?
3, 5, 241
Suppose t + 2*c - 274 = -c, 239 = t - 4*c. Suppose 2*n = 3*o - 224, -2*o - o - 5*n + t = 0. What are the prime factors of o?
2, 3, 13
Let r(y) = -y**3 + 5*y**2 - 15*y + 88. Let i be r(5). Suppose -2*z - z + 42 = 0. List the prime factors of (145 - -1)*(z - i).
2, 73
Let j be (4 + 3476/(-6))*(2 + -5). Suppose -14*b = -j + 102. What are the prime factors of b?
2, 29
Suppose 2*n - 16 = 4. Suppose 14*r - 3120 = -n*r. What are the prime factors of r?
2, 5, 13
Suppose -70*o = -69*o - 8674 + 100. List the prime factors of o.
2, 3, 1429
Suppose 40*j + 120 = 55*j. Suppose -7257 = -j*d + 4295. What are the prime factors of d?
2, 19
Suppose 0 = x - 4*t - 11, -3*x + 9*t = 10*t - 7. What are the prime factors of ((-2)/x)/(10565/3525 - 3)?
5, 47
Let c = 1446 - 839. Suppose -c = -n + 5*m, 0 = -3*n - 2*n - m + 3165. What are the prime factors of n?
2, 79
Suppose 12446 = 5*m - 4*p, -4*m - 248*p + 9964 = -244*p. List the prime factors of m.
2, 3, 5, 83
Let j = 1201 + 1030. Suppose -57 - j = -4*l. List the prime factors of l.
2, 11, 13
Let j(o) = -o**3 + 3*o**2 + 3*o - 1. Let r be j(3). Suppose -277 + 1351 = 4*i + 2*z, 5*z - 549 = -2*i. Suppose 1445 = r*w - i. List the prime factors of w.
2, 107
Let h(j) be the first derivative of -2*j**3/3 - 57*j**2/2 - 28*j + 52. What are the prime factors of h(-25)?
3, 7
Let m(z) = 10*z - 28. Let x be m(3). Suppose 1353 = 5*d + 273. List the prime factors of 6/x + d/2.
3, 37
Suppose -n + 4406 = -5*u + 7*u, 0 = 3*u - 6. List the prime factors of n.
2, 31, 71
Let y = 1042 + 15186. What are the prime factors of y?
2, 4057
Suppose s + 938920 = 25*s - 4*s. What are the prime factors of s?
2, 23473
Let u be 34/17*(1 + -1541). Let h = -1625 - u. What are the prime factors of h?
3, 5, 97
Suppose -2*b - 20 = -5*m - b, -3*b = -m + 18. Suppose 3*i + 312 = m*z, -z + 62 + 57 = 2*i. What are the prime factors of z?
109
Let c(y) be the third derivative of y**5/30 + 7*y**4/8 + 5*y**3/3 - 19*y**2. Let s be c(-10). Suppose 5*m - 293 - 327 = s. List the prime factors of m.
2, 31
Let a(x) = -3*x + 10. Let c be a(3). Let n(u) = 23*u**2 - 1. Let h(o) = o**2. Let s(y) = 2*h(y) + n(y). List the prime factors of s(c).
2, 3
What are the prime factors of 4*2739*(-3)/(-18)?
2, 11, 83
Suppose 76*b + 10944 = 82*b. Let j = b - 348. What are the prime factors of j?
2, 3, 41
Suppose -118*p - 36492 = -248723 - 753481. What are the prime factors of p?
2, 3, 11, 31
Let c = 10813 + 5792. List the prime factors of c/(-54)*4/(-3) - 0.
2, 5, 41
Let t(o) = -19*o + 154. Let a be t(8). Suppose -4*i + a*i = -1480. List the prime factors of i.
2, 5, 37
Suppose -8*b + 33 = -7. Suppose 3*v + 43 = o - v, b*o - v = 310. What are the prime factors of o?
3, 7
Let u be 3/(2/4*(-57)/38). List the prime factors of ((-84)/(-105))/(3*u/(-1710)).
2, 3, 19
Let w(p) = -37 - 52*p - 43 - 13 - 4*p. List the prime factors of w(-14).
691
Let i(b) = 2*b**2 + 10*b + 35. Let k be 3/1 - 60/5. Let l be i(k). What are the prime factors of (l + 9)/((-4)/(-6))?
2, 3, 29
Let m(i) be the first derivative of 5*i**2 + 3*i - 228 + 203 + 11*i. What are the prime factors of m(8)?
2, 47
Let a(r) = -r**2 + 7*r + 21. Let d be a(27). What are the prime factors of d/(-21) + 0 + 2/7?
5
Suppose 14*l + 25 = 19*l. Let q(c) = c**3 - 11*c**2 + 19*c + 13. Let x be q(9). Let g = x - l. List the prime factors of g.
17
Let k = 6305 + 25965. What are the prime factors of k?
2, 5, 7, 461
Let p(r) = 64*r**3 + r - 1. Suppose 0 = x - 2*z - 9, -3*x + 4*z + 18 = z. Suppose -x*g = 10 - 13. What are the prime factors of p(g)?
2
Let q be 6/9*(-3)/2. Let v(r) = 283 - 138*r - 80 - 127 - 77. What are the prime factors of v(q)?
137
Let r(b) = -b**3 + 19*b**2 + 217*b + 22. What are the prime factors of r(-13)?
2609
Let n = 2 + -5. Let f be (-2 + 6 - 5/5) + n. Suppose -2*p - 104 + 258 = f. List the prime factors of p.
7, 11
Let t = -994 - -6582. What are the prime factors of t?
2, 11, 127
Let g be -6 + 5 - (-4 - 2). Let q(f) = 3*f + 5 + 3*f**2 - 2*f**2 - f. List the prime factors of q(g).
2, 5
Let k = -70 - -75. Let i be (k - 102/24) + 25/4. List the prime factors of i/(((-8)/(-2))/44).
7, 11
What are the prime factors of 1566/2871 + 18/44*6 + 91058?
41, 2221
Let p be (-2)/(-2)*574/(-14). Let j = -32 - p. Suppose 6*s + 393 = j*s. What are the prime factors of s?
131
Suppose 16 = -7*v + 3*v - 2*s, -4*v - 5*s = 10. Let b be (-8)/(-2) + (-4 - v). Suppose -98 = -b*o - 28. List the prime factors of o.
2, 7
Suppose -q - 1760 = -3*v, 4*v - 6*v - 3*q + 1188 = 0. Let w = -5 + 5. Suppose -3*p + 5*p - v = w. List the prime factors of p.
2, 3, 7
Suppose -6*x - 15600 = -22*x. Suppose -x - 5607 = -6*t. List the prime factors of t.
1097
Let n = 5215 - 1105. Suppose -3*h - 7*h + n = 0. What are the prime factors of h?
3, 137
Suppose 3*t = 4*c + t + 2, 26 = 3*c + 4*t. Suppose c*m - 4*m = -728. What are the prime factors of m?
2, 7, 13
Let y be ((-24)/(-28))/(3/(-21)). Let x be ((-5)/8*y)/((-2)/(-8)). Let l(b) = -b**2 + 18*b + 26. List the prime factors of l(x).
71
Let g(d) = 104*d**2 - 12*d + 20. List the prime factors of g(-4).
2, 433
What are the prime factors of ((-504)/(-288))/((-14917)/(-4972) + -3)?
7, 11, 113
Let z = 1559 - -2514. List the prime factors of z.
4073
Let m = -65 - -67. Suppose 3*o - 26 = m*o - 2*r, -142 = -5*o + 2*r. Suppose -180 = -33*s + o*s. List the prime factors of s.
2, 3
Let i = 9 - -45. Let x = i - 101. What are the prime factors of (x + (2 - 0 - 2))*-1?
47
Let i be (-1)/(14/(-50396)) - (-6)/21. Let c = i + -7646. What are the prime factors of c/(-30)